w)?
3
Let x be ((-4)/2)/(16/(-24)). Let v(a) = -a**3 - 5*a**2 - 5*a. Let w(i) = -i**3 - i**2 - i - 1. Let n(q) = -v(q) + 2*w(q). Give n(x).
7
Let d(k) be the first derivative of -11*k**4/12 - k**3/3 - k**2/2 + 12*k + 12. Let s(z) be the first derivative of d(z). Let r be 2/4 + 12/(-8). Give s(r).
-10
Let d(r) be the second derivative of r**3/6 + 29*r**2/2 + 3*r - 63. Calculate d(-17).
12
Let b(a) = 32*a**2 - 3*a - 1. Suppose 1540 = -3*n + 5*w + 1582, -w - 8 = -n. Determine b(n).
34
Let l(h) = -2*h**2 + 66*h - 402. Let k be l(25). Let s(v) = -8*v**2 - 6*v - 1. Calculate s(k).
-21
Let s(h) = -17*h**2 - 23*h**2 - 14*h**2 + 57*h**2 - 1 + 4*h. Let w(a) = -a + 1. Let n(q) = -s(q) - 3*w(q). Give n(2).
-16
Suppose -h + 12 = 4*m, h + 2 = 4*h - 5*m. Suppose 5*a + h*l = -7, -1 = -2*a + l + 4. Let q(y) = 21*y. Determine q(a).
21
Let u(c) = -8*c - 4*c**2 - 5 - 4*c**3 - 4*c + 5 + 6. Let f(r) = -243*r**3 + 4*r**2 - 7 + 4*r + 248*r**3 + 9*r. Let h(i) = -5*f(i) - 6*u(i). What is h(5)?
9
Suppose 0 = 28*c - 12 - 72. Let y(j) = -34*j - 2. Calculate y(c).
-104
Suppose 0 = 4*n + p + 9, -3*n + 5*p + 2 = 3. Let r be n/1 - 15/(-6)*2. Let v(q) = 7*q + 2. Calculate v(r).
23
Suppose -100 = -10*u - 0*u. Let r(p) = -29*p - 40. Let y(h) = -16*h - 23. Let m(j) = 10*r(j) - 18*y(j). Determine m(u).
-6
Let g(n) = 2*n**2 + 8*n - 9. Let y be ((-10)/(-3))/(2425/150 + -17). Determine g(y).
-9
Suppose -2*u + 0*u = -3*w - 67, -w - 2*u = 33. Suppose 5*a - a = -100. Let x = a - w. Let o(d) = -d**3 + d**2 - d - 3. Determine o(x).
-3
Let g(l) be the second derivative of -l**4/12 + 8*l**3/3 + 19*l**2/2 + 723*l + 1. Calculate g(15).
34
Let k = 12822 + -12814. Let w(u) = -u**3 + 9*u**2 + 4*u + 12. Determine w(k).
108
Let p(j) = -2*j**3 + 15*j**2 + 9*j - 2. Let y be p(8). Let o(i) = -2*i. Let l(b) = -b - 1. Let w(v) = 4*l(v) - 3*o(v). What is w(y)?
8
Let s = 539/3480 - 17/116. Let o(q) be the third derivative of q**2 - 1/12*q**4 + 0*q - 1/15*q**5 + s*q**6 - q**3 + 0. Calculate o(5).
9
Let y be 1/((-3)/3405)*(-11)/55. Let a = y + -221. Let z(u) = 2*u - 5. What is z(a)?
7
Let o be -2 + (6 + 0 - 0). Suppose -46 = 4*x - 6*x + v, -74 = -3*x - v. Suppose 0 = -o*i + 10*i + x. Let h(s) = 2*s**2 + 6*s + 1. Determine h(i).
9
Let i(l) be the second derivative of -1/12*l**4 - 1/2*l**2 - 2/3*l**3 - 52*l + 0. What is i(-6)?
-13
Let p(a) = 3*a + 3 - 2 - 5. Let h(l) = -l**3 - 14*l**2 + 147*l + 8. Let z be h(7). What is p(z)?
20
Let v(g) = -g**2 - 6*g - 2. Suppose 0 = -34*w + 30*w + 12. Suppose -100 + 115 = -w*z. What is v(z)?
3
Let k = 1627 + -1629. Let t(a) = 12*a**2 + a. Determine t(k).
46
Let y(t) = 8*t + 4 + 3 - 15 + 2 + 5 - t**2. Suppose i + 2*i = 36. Suppose -4*k - i = -7*k. Give y(k).
15
Let w(j) = -3*j**2 - j. Suppose 2*o - 2*y - 454 = 0, 3*y - 11 + 2 = 0. Suppose o = -4*q + 238. Determine w(q).
-14
Let b(w) be the second derivative of -w**5/120 - 3*w**4/4 + 41*w**3/3 - 47*w. Let r(x) be the second derivative of b(x). Calculate r(-17).
-1
Let h(i) = 2*i**2 + 6*i + 4. Let j be 1263 + 1/1 + -3 + 4. Let a be (-2)/5*j/(-46). Suppose 19 = -2*v + a. What is h(v)?
12
Let t = -37130 - -37130. Let w(y) = 104*y - 3. Give w(t).
-3
Let z(l) = -203*l**2 + 749*l - 779*l - 73 + 202*l**2. Give z(-24).
71
Let m(v) be the third derivative of 1/2*v**3 + v**2 + 1/120*v**6 + 1/6*v**4 + 0 - 19*v + 1/12*v**5. Let h = -5 + 0. Calculate m(h).
-17
Let t = -131 - -134. Suppose -16*w + 4*u - 11 = -15*w, 5*w - 13 = t*u. Let l(h) = -h**3 + 5*h**2 - h + 1. Calculate l(w).
-4
Suppose -13 = -l - 9. Let s(p) be the first derivative of p**3/3 - 3*p**2 + 3*p + 22. Determine s(l).
-5
Let y(b) = -22644 - 22636 + 45270 - b**2. What is y(3)?
-19
Suppose 4*u - k = 4, -5*k = 7*u - 4*u - 3. Let v(i) = i + 1. Let z(q) = -2*q + 10. Let l(s) = u*z(s) + 3*v(s). Calculate l(0).
13
Let k(y) be the third derivative of -y**5/60 - 7*y**4/24 - 5*y**3/3 + 527*y**2. Let r = 533 + -540. Determine k(r).
-10
Let x(f) = f**3 + 3*f**2 - 6*f - 11. Let o(n) = 13*n**2 - 285*n - 26. Let g be o(22). Determine x(g).
-3
Let u(o) be the first derivative of o**6/120 - o**5/30 + o**4/12 + o**3/2 + 33*o**2 - 14. Let a(m) be the second derivative of u(m). Determine a(3).
18
Let s(r) = r**3 + 10*r**2 + r + 8. Let i = -82 + 77. Let g be (4/i)/((-20)/(-250)). Determine s(g).
-2
Let v(r) be the second derivative of -1/3*r**3 + 0 - 104*r - 3/2*r**2. Give v(3).
-9
Suppose 20 = 2*b + 2*b. Let s(n) = -3 + 27*n**2 - 5*n**2 - 18*n**2 - 2*n**3 + n**3 + 6*n. What is s(b)?
2
Let h(f) be the third derivative of -f**4/6 - f**3/6 - 2171*f**2. Determine h(0).
-1
Let w(p) = 43 + 12957*p + 12977*p - 25942*p. Determine w(7).
-13
Let n(s) be the second derivative of s**6/720 + s**5/10 - 5*s**4/6 + s**3/6 + 21*s + 1. Let x(y) be the third derivative of n(y). Calculate x(-6).
6
Let o be (14 + -29)/(-300) + (2 - 4) + 2. Let i(a) be the second derivative of 0 - o*a**5 + 5/6*a**3 - 5/2*a**2 + 1/4*a**4 - 29*a. Determine i(4).
-1
Let h(i) be the first derivative of i**4/4 + 5*i**3/3 - 4*i**2 + 2076. Give h(-6).
12
Let c(a) = 4*a**3 + 3*a**2 + 2*a + 1. Suppose -17 = -4*q + o, -o = 5*q + 2 - 12. Suppose k = -y - 1, -8*k + 3*k - q = 4*y. Calculate c(y).
-23
Suppose 15*u - 25 = 50. Suppose 2*x - 14 = x - 2*c, 8 = -2*x + u*c. Let s(y) = -y**2 + 6*y. What is s(x)?
0
Suppose -96 = 7*v + 16. Let q be v/40 - (-328)/20. Let x(h) = -h**3 + 17*h**2 - 16*h + 6. Give x(q).
6
Let m(n) = 513*n**2 + 62*n + 8. Let a(y) = 123*y**2 + 15*y + 2. Let l(g) = 25*a(g) - 6*m(g). Determine l(3).
-16
Suppose t - 5*z + 31 = 0, -5*t - 7 = -3*t + z. Let m(d) = -4*d**2 + 4*d**2 + d**2. Let w(p) = 7*p**2 - p. Let n(s) = t*m(s) + w(s). Determine n(3).
6
Let o(w) = 199178*w - 44 - 106 - 199225*w. What is o(-3)?
-9
Let v be 6/4 - 6/(-12). Let s be 1/(-2)*0/v. Suppose 3*a = -i - 15, i + 2*a + 3*a + 23 = s. Let x(k) = 2*k**2 + 4*k + 2. Determine x(i).
8
Suppose 18*g + 4 = 17*g. Let v(j) be the third derivative of -j**5/60 - j**4/24 + 17*j**3/6 - 57*j**2. What is v(g)?
5
Let f(a) = -a**3 - 4*a**2 - 2*a + 2. Let u be (-5)/1 - -3*-2*4/(-24). Give f(u).
10
Let x(k) = -k + 1. Let f = -6 - -9. Suppose -z = -f*z + 18. Suppose -2 = d - z. Give x(d).
-6
Let a be (-3)/((0 + -1)*(-22 - -23)). Let h(b) = -152 - 7*b + a*b**2 + 159 - 2*b**2. Let t be (2/4)/((-1)/(-10)). Give h(t).
-3
Let m(h) be the second derivative of -5*h**3/6 + 5*h**2/2 + 9*h. What is m(-2)?
15
Let c(t) = t**3 + t**2 - t - 1. Let h(o) = o**3 + 6*o**2 + o + 5. Let j(m) = -2*c(m) + h(m). Let f be 1/2 + (-6525)/58. Let s = 117 + f. Calculate j(s).
-3
Let f(k) = -k**3 + 13*k**2 + 12*k + 51. Let n be f(14). Let o(m) = -m**3 - 22*m**2 - 19*m**2 + 55*m**2 - 5 - n*m**2 - m. Calculate o(-9).
4
Suppose 3*q - 2*m - 8 = -13, 20 = -4*m. Let h(f) be the third derivative of f**4/24 + 4*f**3/3 + 2*f**2. Calculate h(q).
3
Let n(w) = 4*w**2 + 2*w - 1. Suppose 4*h = -0*h. Let c be (9/2)/9*h. Suppose -o + 3*g + 13 = -c*g, -4*g - 13 = 3*o. Calculate n(o).
5
Let q(j) = -4*j**2 - 1002 + 3*j**2 + 7*j + 0*j**2 + 1998 - 993. Give q(4).
15
Let o(n) = -n + 8. Let s be o(8). Suppose s = 2*w - 2 - 2. Let t be (0/(-3))/((1 - w)/1). Let g(p) = -p**2 - p - 20. Calculate g(t).
-20
Let y(t) = t**2 + 22*t + 124. Let c be y(-12). Suppose -30*x + 3*j = -35*x - 9, -x = c*j + 12. Let u(v) = v**3 - v**2 - v - 22. Give u(x).
-22
Let r(z) = -z**3 - 15*z**2 + 54*z + 615. Let y be r(-16). Let s(b) = -4*b + 33. What is s(y)?
5
Let n(k) = -73*k - 26025*k**2 + 26008*k**2 - k**3 - 1 + 7. Let l be n(-8). Let v(a) = -a**3 + 14*a**2 + a - 12. What is v(l)?
2
Let m be 1*41/1*6/2. Let v = m - 133. Let w(q) be the first derivative of -q**4/4 - 11*q**3/3 - 6*q**2 - 13*q + 1. Calculate w(v).
7
Let y(s) = s - 2. Let i = 212 - 212. Suppose 2*g + 2*m = -4, m - 4*m - 6 = i. What is y(g)?
-2
Let p(n) = 26*n**3 - 2*n**2 - 23*n + 7. Let s(h) = 5*h**3 - 2*h**2 - h + 1. Let b(t) = -p(t) + 5*s(t). Give b(-10).
18
Let i = 28 - 15. Let f be (2/8)/(i/52). Suppose -3*c - 9 = -5*g + f, 0 = 2*g + 2. Let s(r) = r**2 + 7*r - 1. Determine s(c).
-11
Let y(w) = -18*w - 204. Suppose -35 = 3*m - 2*g, 5*m + 14 + 36 = -5*g. Calculate y(m).
-6
Let p(s) be the second derivative of s**4/8 + 7*s**3/6 + 9*s**2 - 6*s. Let j(u) be the first derivative of p(u). Give j(-5).
-8
Suppose -13*g + 4*m = -15*g - 28, m = -3*g - 22. Let y(p) = -8*p**2 + 5*p + 4. Let z(i)